{"id":220,"date":"2016-04-30T09:38:20","date_gmt":"2016-04-30T09:38:20","guid":{"rendered":"http:\/\/affdaalm.de\/?page_id=220"},"modified":"2016-08-25T16:07:50","modified_gmt":"2016-08-25T16:07:50","slug":"abg","status":"publish","type":"page","link":"http:\/\/affdaalm.de\/?page_id=220","title":{"rendered":"ABG"},"content":{"rendered":"<h1>Allgemeine Gesch\u00e4ftsbedingungen<\/h1>\n<p>&nbsp;<\/p>\n<h2>Vertragspartner<\/h2>\n<p>Auf Grundlage dieser Allgemeinen Gesch\u00e4ftsbedingungen (AGB) kommt zwischen dem Kunden und<br \/>\nAlm Custom<br \/>\nVertreten durch Matthias, Scheink\u00f6nig<br \/>\nAdresse: Faislbach 7 92697 Georgenberg<\/p>\n<p>Handelsregister: Gemeinde Georgenberg<br \/>\nHandelsregisternummer: 255\/266\/80173<br \/>\nUmsatzsteuer-Identifikationsnummer: 43905268165<br \/>\n, nachfolgend Anbieter genannt, der Vertrag zustande.<\/p>\n<h2>Vertragsgegenstand<\/h2>\n<p>Durch diesen Vertrag wird der Verkauf von Neuwaren und Gebrauchtwaren aus dem Bereich\/den Bereichen Waren aller Art. \u00fcber den Online-Shop des Anbieters geregelt. Wegen der Details des jeweiligen Angebotes wird auf die Produktbeschreibung der Angebotsseite verwiesen.<\/p>\n<h2>Vertragsschluss<\/h2>\n<p>Der Vertrag kommt im elektronischen Gesch\u00e4ftsverkehr \u00fcber das Shop-System oder \u00fcber andere Fernkommunikationsmittel wie Telefon und E-Mail zustande. Dabei stellen die dargestellten Angebote eine unverbindliche Aufforderung zur Abgabe eines Angebots durch die Kundenbestellung dar, das der Anbieter dann annehmen kann.<\/p>\n<p>Der Bestellvorgang zum Vertragsschluss umfasst im Shop-System folgende Schritte:<\/p>\n<ul>\n<ul>\n<li>Auswahl des Angebots in der gew\u00fcnschten Spezifikation (Gr\u00f6\u00dfe, Farbe, Anzahl)<\/li>\n<\/ul>\n<\/ul>\n<ul>\n<ul>\n<li>Einlegen des Angebots in den Warenkorb<\/li>\n<\/ul>\n<\/ul>\n<ul>\n<ul>\n<li>Bet\u00e4tigen des Buttons &#8218;bestellen&#8216;<\/li>\n<\/ul>\n<\/ul>\n<ul>\n<ul>\n<li>Eingabe der Rechnungs- und Lieferadresse<\/li>\n<\/ul>\n<\/ul>\n<ul>\n<ul>\n<li>Auswahl der Bezahlmethode<\/li>\n<\/ul>\n<\/ul>\n<ul>\n<ul>\n<li>\u00dcberpr\u00fcfung und Bearbeitung der Bestellung und aller Eingaben<\/li>\n<\/ul>\n<\/ul>\n<ul>\n<ul>\n<li>Bet\u00e4tigen des Buttons &#8218;kostenpflichtig bestellen&#8216;<\/li>\n<\/ul>\n<\/ul>\n<p>&nbsp;<\/p>\n<ul>\n<li>Best\u00e4tigungsmail, dass Bestellung eingegangen ist<\/li>\n<\/ul>\n<p>&nbsp;<\/p>\n<p>Bestellungen k\u00f6nnen neben dem Shop-System auch \u00fcber Fernkommunikationsmittel (Telefon\/E-Mail) aufgegeben werden, wodurch der Bestellvorgang zum Vertragsschluss folgende Schritte umfasst:<\/p>\n<ul>\n<ul>\n<li>Anruf bei der Bestellhotline \/ \u00dcbersendung der Bestellmail<\/li>\n<\/ul>\n<\/ul>\n<p>&nbsp;<\/p>\n<ul>\n<li>Best\u00e4tigungsmail, dass Bestellung eingegangen ist<\/li>\n<\/ul>\n<p>Mit der Zusendung einer Auftragsbest\u00e4tigung kommt der Vertrag zustande. Die automatisch erstellte und versandte Bestellbest\u00e4tigung stellt keine entsprechende rechtsverbindliche Erkl\u00e4rung dar. Der Vertrag kommt auch durch die Zusendung der Ware oder Erbringung der Dienstleistung zustande.<\/p>\n<h2>Vertragsdauer<\/h2>\n<p>Der Vertrag wird auf unbestimmte Zeit geschlossen.<\/p>\n<h2>Preise, Versandkosten, R\u00fccksendekosten<\/h2>\n<p>Alle Preise sind Endpreise und enthalten gem. \u00a7 19 Abs. 1 UStG keine Umsatzsteuer (Mehrwertsteuer). Neben den Endpreisen fallen je nach Versandart weitere Kosten an, die vor Versendung der Bestellung angezeigt werden. Besteht ein Widerrufsrecht und wird von diesem Gebrauch gemacht, tr\u00e4gt der Kunde die Kosten der R\u00fccksendung. Einzelanfertigungen sind vom Umtausch ausgeschlossen.<\/p>\n<h2>Zahlungsbedingungen<\/h2>\n<p>Der Kunde hat ausschlie\u00dflich folgende M\u00f6glichkeiten zur Zahlung: Vorab\u00fcberweisung , Zahlungsdienstleister (PayPal) , Barzahlung bei Abholung . Weitere Zahlungsarten werden nicht angeboten und werden zur\u00fcckgewiesen.<br \/>\nDer Rechnungsbetrag ist nach Zugang der Rechnung, die alle Angaben f\u00fcr die \u00dcberweisung enth\u00e4lt und mit E-Mail verschickt wird, auf das dort angegebene Konto vorab zu \u00fcberweisen. Bei Verwendung eines Treuhandservice\/ Zahlungsdienstleisters erm\u00f6glicht es dieser dem Anbieter und Kunden, die Zahlung untereinander abzuwickeln. Dabei leitet der Treuhandservice\/ Zahlungsdienstleister die Zahlung des Kunden an den Anbieter weiter. Weitere Informationen erhalten Sie auf der Internetseite des jeweiligen Treuhandservices\/ Zahlungsdienstleisters. Der Rechnungsbetrag kann auch unter Abzug der in Ansatz gebrachten Versandkosten in den Gesch\u00e4ftsr\u00e4umen des Anbieters zu den \u00fcblichen B\u00fcrozeiten in bar gezahlt werden.<br \/>\nDer Kunde ist verpflichtet innerhalb von 14 Tagen nach Erhalt der Rechnung den ausgewiesenen Betrag auf das auf der Rechnung angegebene Konto einzuzahlen oder zu \u00fcberweisen.<\/p>\n<p>Die Zahlung ist ab Rechnungsdatum ohne Abzug f\u00e4llig. Nach Ablauf der Zahlungsfrist, die somit kalenderm\u00e4\u00dfig bestimmt ist, kommt der Kunde auch ohne Mahnung in Verzug.<\/p>\n<h2>Lieferbedingungen<\/h2>\n<p>Die Ware wird umgehend nach Eingang der Bestellung versandt.<br \/>\nDer Versand erfolgt durchschnittlich sp\u00e4testens nach 1 Tagen. Der Unternehmer verpflichtet sich zur Lieferung am 5. Tag nach Bestelleingang.<br \/>\nDie Regellieferzeit betr\u00e4gt 2 Tage, wenn in der Artikelbeschreibung nichts anderes angegeben ist.<br \/>\nDer Anbieter versendet die Bestellung entweder aus eigenem Lager, sobald die gesamte Bestellung dort vorr\u00e4tig ist oder die Bestellung wird vom Hersteller verschickt, sobald die gesamte Bestellung dort vorr\u00e4tig ist.<br \/>\nDer Kunde wird \u00fcber Verz\u00f6gerungen umgehend informiert.<\/p>\n<p>Hat der Anbieter ein dauerhaftes Lieferhindernis, insbesondere h\u00f6here Gewalt oder Nichtbelieferung durch eigenen Lieferanten, obwohl rechtzeitig ein entsprechendes Deckungsgesch\u00e4ft get\u00e4tigt wurde, nicht zu vertreten, so hat der Anbieter das Recht, insoweit von einem Vertrag mit dem Kunden zur\u00fcckzutreten. Der Kunde wird dar\u00fcber unverz\u00fcglich informiert und empfangene Leistungen, insbesondere Zahlungen, zur\u00fcckerstattet.<\/p>\n<h2>Gew\u00e4hrleistung<\/h2>\n<p>Ist der Kunde Unternehmer, wird f\u00fcr Neuwaren die Gew\u00e4hrleistungsfrist auf ein Jahr beschr\u00e4nkt.<\/p>\n<p>Ist der Kunde Unternehmer, wird f\u00fcr Gebrauchtwaren die Gew\u00e4hrleistung ausgeschlossen.<\/p>\n<p>Ist der Kunde Verbraucher, wird f\u00fcr gebrauchte Waren die Gew\u00e4hrleistungsfrist auf ein Jahr beschr\u00e4nkt.<\/p>\n<p>Dies gilt nicht f\u00fcr Schadensersatzanspr\u00fcche des Kunden wegen Verletzung des Lebens, des K\u00f6rpers, der Gesundheit oder wesentlicher Vertragspflichten, welche zur Erreichung des Vertragszieles notwendigerweise erf\u00fcllt werden m\u00fcssen. Ebenso gilt dies nicht f\u00fcr Schadensersatzanspr\u00fcche nach grob fahrl\u00e4ssiger oder vors\u00e4tzlicher Pflichtverletzung des Anbieters oder seines gesetzlichen Vertreters oder Erf\u00fcllungsgehilfen. Im \u00dcbrigen gelten die gesetzlichen Regelungen.<\/p>\n<h2>Widerrufsrecht und Kundendienst<\/h2>\n<p>Auf die Kunden, die Unternehmer sind, sind die Vorschriften f\u00fcr Fernabsatzvertr\u00e4ge nicht anwendbar. Daher steht diesen Kunden kein entsprechendes Widerrufsrecht wegen Fernabsatzvertrag zu. Der Anbieter r\u00e4umt ein solches auch nicht ein.<\/p>\n<h2>Haftungsausschluss<\/h2>\n<p>Schadensersatzanspr\u00fcche des Kunden sind ausgeschlossen, soweit sich aus den nachfolgenden Gr\u00fcnden nicht etwas anderes ergibt. Dies gilt auch f\u00fcr den Vertreter und Erf\u00fcllungsgehilfen des Anbieters, falls der Kunde gegen diese Anspr\u00fcche auf Schadensersatz erhebt. Ausgenommen sind Schadensersatzanspr\u00fcche des Kunden wegen Verletzung des Lebens, des K\u00f6rpers, der Gesundheit oder wesentlicher Vertragspflichten, welche zur Erreichung des Vertragszieles notwendigerweise erf\u00fcllt werden m\u00fcssen. Ebenso gilt dies nicht f\u00fcr Schadensersatzanspr\u00fcche nach grob fahrl\u00e4ssiger oder vors\u00e4tzlicher Pflichtverletzung des Anbieters oder seines gesetzlichen Vertreters oder Erf\u00fcllungsgehilfen.<\/p>\n<h2>Sprache, Gerichtsstand und anzuwendendes Recht<\/h2>\n<p>Der Vertrag wird in Deutsch abgefasst. Die weitere Durchf\u00fchrung der Vertragsbeziehung erfolgt in Deutsch. Es findet ausschlie\u00dflich das Recht der Bundesrepublik Deutschland Anwendung. F\u00fcr Verbraucher gilt dies nur insoweit, als dadurch keine gesetzlichen Bestimmungen des Staates eingeschr\u00e4nkt werden, in dem der Kunde seinen Wohnsitz oder gew\u00f6hnlichen Aufenthalt hat. Gerichtsstand ist bei Streitigkeiten mit Kunden, die kein Verbraucher, juristische Person des \u00f6ffentlichen Rechts oder \u00f6ffentlich-rechtliches Sonderverm\u00f6gen sind, Sitz des Anbieters.<\/p>\n","protected":false},"excerpt":{"rendered":"<p>Allgemeine Gesch\u00e4ftsbedingungen &nbsp; Vertragspartner Auf Grundlage dieser Allgemeinen Gesch\u00e4ftsbedingungen (AGB) kommt zwischen dem Kunden und Alm Custom Vertreten durch Matthias, Scheink\u00f6nig Adresse: Faislbach 7 92697 Georgenberg Handelsregister: Gemeinde Georgenberg Handelsregisternummer: 255\/266\/80173 Umsatzsteuer-Identifikationsnummer: 43905268165 , nachfolgend Anbieter genannt, der Vertrag zustande. Vertragsgegenstand Durch diesen Vertrag wird der Verkauf von Neuwaren und Gebrauchtwaren aus dem Bereich\/den Bereichen &#8230; <a title=\"ABG\" class=\"read-more\" href=\"http:\/\/affdaalm.de\/?page_id=220\" aria-label=\"Mehr Informationen \u00fcber ABG\">Weiterlesen<\/a><\/p>\n","protected":false},"author":1,"featured_media":0,"parent":48,"menu_order":0,"comment_status":"closed","ping_status":"closed","template":"","meta":{"footnotes":""},"class_list":["post-220","page","type-page","status-publish"],"_links":{"self":[{"href":"http:\/\/affdaalm.de\/index.php?rest_route=\/wp\/v2\/pages\/220","targetHints":{"allow":["GET"]}}],"collection":[{"href":"http:\/\/affdaalm.de\/index.php?rest_route=\/wp\/v2\/pages"}],"about":[{"href":"http:\/\/affdaalm.de\/index.php?rest_route=\/wp\/v2\/types\/page"}],"author":[{"embeddable":true,"href":"http:\/\/affdaalm.de\/index.php?rest_route=\/wp\/v2\/users\/1"}],"replies":[{"embeddable":true,"href":"http:\/\/affdaalm.de\/index.php?rest_route=%2Fwp%2Fv2%2Fcomments&post=220"}],"version-history":[{"count":4,"href":"http:\/\/affdaalm.de\/index.php?rest_route=\/wp\/v2\/pages\/220\/revisions"}],"predecessor-version":[{"id":284,"href":"http:\/\/affdaalm.de\/index.php?rest_route=\/wp\/v2\/pages\/220\/revisions\/284"}],"up":[{"embeddable":true,"href":"http:\/\/affdaalm.de\/index.php?rest_route=\/wp\/v2\/pages\/48"}],"wp:attachment":[{"href":"http:\/\/affdaalm.de\/index.php?rest_route=%2Fwp%2Fv2%2Fmedia&parent=220"}],"curies":[{"name":"wp","href":"https:\/\/api.w.org\/{rel}","templated":true}]}}